ose 4409 = -q*j + 15661. Is j a prime number?
False
Let t(x) = 4*x + 6*x - 3*x + x + 12*x + 128*x**2 + 25. Is t(9) composite?
True
Let f(h) = -4088*h - 31. Let q be f(-2). Suppose 3*i - q = 4104. Is i a composite number?
True
Suppose 0 = -2*r + 4, -k + 15*r - 17*r = -24717. Is k composite?
True
Suppose 0 = 11*a - 71 + 929. Let s = 169 + a. Is s prime?
False
Suppose -524100 = -5*t - m, 5*t = -26*m + 29*m + 524120. Is t composite?
True
Suppose 0*n - 16*n + 717872 = 0. Is n a prime number?
True
Let b(w) = -912*w + 65. Let a be b(-12). Suppose a = 2*f + 2355. Is f a composite number?
False
Let q be 41364/378*(-182)/(-4). Let l = 4630 + -7882. Let v = l + q. Is v a prime number?
False
Let z be (-3 - (2 + 0))*(-1 + 0). Let l(w) = 75*w + 7*w - 30 + 22*w - 19*w. Is l(z) a composite number?
True
Suppose -295 = 5*r - 75. Let t = r + 71. Let x = 560 + t. Is x a prime number?
True
Let z(u) = -6*u + 36. Let s be z(7). Let f(h) = -2*h**3 - 6*h**2 - 4*h + 3. Let j be f(s). Let p = j - -88. Is p a composite number?
False
Let k(p) = -3 + 2 + 945*p + 48*p**2 - 947*p. Suppose -9 = -3*b - 27. Is k(b) composite?
True
Let m(w) = -w**3 + 17*w**2 + 17*w + 22. Let k be m(18). Suppose -c + k = 2. Suppose c*q + 2*q = 1996. Is q a composite number?
False
Let z(o) = 130*o - 17. Let i(f) = -131*f + 21. Let v(u) = 6*i(u) + 7*z(u). Is v(3) a prime number?
True
Suppose 208*r - 229*r + 323421 = 0. Is r a prime number?
True
Let k = 346 - 346. Suppose 63*g - 54*g - 116469 = k. Is g a prime number?
True
Suppose 0 = -2*p + 5*n + 971315, -3*p + 5*n + 1517397 - 60447 = 0. Is p composite?
True
Let y(o) = 1255*o**3 + 11*o**2 - 46*o + 9. Is y(5) a composite number?
True
Let h(x) = -53754*x + 847. Is h(-3) a composite number?
False
Let q(t) = -t**2 + 23*t - 29. Let s be q(18). Let a = s - 64. Is ((-340)/3 - -3)*a a composite number?
False
Let b = -10010 + 26601. Is b a prime number?
False
Suppose -3*k + 2136083 = 2*b, 584286 = 2*k + 4*b - 839748. Is k prime?
False
Let n be -3*(1/4 - 8820/(-48)). Let g be ((-117)/(-6))/(6/n). Is (4/(-16)*-2)/((-3)/g) prime?
False
Suppose 0 = 8*y + 31 - 111. Suppose 17914 = y*h + 16*h. Is h a composite number?
True
Let g be 2/(-1) + 4184 + 0. Suppose -9*z + 26227 = -15488. Suppose -3*c = -z - g. Is c prime?
True
Let f(h) = -51*h**2 - 10*h - 8. Let v be f(12). Let b be (-12)/15 - v/40. Let k = -101 + b. Is k a prime number?
False
Let k(r) = 2 - 15*r**2 - 12*r - 9*r + 18*r. Let v be k(1). Let t(q) = -28*q + 1. Is t(v) a prime number?
True
Let p(j) = -554*j - 3. Let r be p(2). Let t = 15254 + r. Is t composite?
False
Let n be 1/(0 - 4 - -5). Suppose 4*x = -5*p + 55, -2*p - n = -p. Suppose -4*o + 1351 + 614 = 3*f, x = -5*o. Is f a composite number?
False
Let y be 26006 - ((-30)/(-5) + -1). Suppose 2*h + 19487 = 3*z, 7*z + h - y = 3*z. Is z prime?
False
Let g(t) = t**3 + 11*t**2 - 2*t - 18. Let q be g(-11). Suppose -3*j = -4*j - 5*h + 2734, q*j + 4*h = 10888. Is j prime?
True
Suppose s + 9 = 4*c, -3*s - s - 5*c = -6. Suppose 0 = 3*i + 90*z - 89*z + 62988, 5*i + 3*z = -104976. Is ((-6)/33 + i/11)*s a prime number?
False
Let m(c) = -3007*c - 6601. Is m(-114) composite?
True
Let f be 8 - ((-14)/(-2) - -11129). Let b = 3151 - f. Is b prime?
False
Let g(s) = 14905*s**2 - 10*s + 5. Is g(12) prime?
False
Suppose -87*x - 3*x + 10359999 = -32604471. Is x a composite number?
False
Let r(s) = 4*s + 25. Let a be r(-4). Suppose -5*n = -a*n + 7816. Is n a prime number?
False
Is 5/(323912/(-32392) - (1 - 11)) a composite number?
True
Let x(h) = -2*h - 8. Let y be x(-14). Let f = 24 - y. Is (932/(-4) + -3)*(-3)/f composite?
True
Let j(v) = -5*v + 1. Let h(s) = -s. Let f(p) = h(p) - j(p). Let m be f(-5). Is 1940/6 + (m/9 - -2) a prime number?
False
Is ((-3384018)/(-55) - 15) + 8/20 a prime number?
False
Let b(x) be the second derivative of 43*x**5/20 + x**4/6 + 4*x**3/3 + 3*x**2/2 - 36*x. Is b(4) prime?
True
Let p be ((-15000)/(-16) - 9)/(2/(-8)). Let a = p + 5819. Is a a composite number?
True
Let o = 528263 - 338356. Is o a composite number?
True
Let g(b) = 1633*b**3 - 12*b**2 + 37*b + 11. Is g(4) a prime number?
True
Let s = 1431 - 970. Suppose -474*i + 3406 = -s*i. Is i composite?
True
Suppose -132*q + 120 = -127*q. Is ((-100664)/(-3) - (-8)/q) + -4 prime?
False
Let j = 391444 - -113443. Is j a prime number?
False
Let w(a) = 954*a - 203. Let y be w(6). Let t = 11808 - y. Is t composite?
False
Let x be 28/56*(1 + -1). Suppose -4*b = x, -7*s = -6*s + 3*b - 2321. Is s prime?
False
Let p = 968961 - 210678. Is p a prime number?
False
Let g be 1 - -3 - (9 + 1). Let t(k) = -11*k**3 - 6*k**2 - 6*k - 7. Let x be t(g). Suppose 7*v - x = -4*v. Is v a composite number?
False
Suppose 60*l + 530762 = 12013382. Is l a composite number?
True
Suppose -51*h + 6 = -54*h, 2*h = -4*k + 803560. Is k composite?
False
Suppose 63*c - 59*c = -n + 1016769, -6100633 = -6*n - 5*c. Is n a composite number?
False
Let w(o) = -10*o + 16. Let s be w(2). Let x be -2 + s + (1 - -1). Is (-1)/x - (-50264)/32 prime?
True
Suppose -9*q + 23 = -22. Suppose 0 = -q*n + 5*z + 27768 + 5967, -3*n - z = -20261. Let h = n - 3933. Is h a prime number?
True
Let h be 4/(-8)*-19*2. Let v(x) = x**3 - 15*x**2 - 24*x + 18. Let n be v(h). Let w = n - -555. Is w prime?
False
Let s(z) = z**3 - 5*z**2 + 13*z + 4. Let l be (606/12)/((-1)/2). Let y = 110 + l. Is s(y) composite?
True
Suppose 0 = -11*r + 7983 + 872. Suppose 2*m - 2*h - 2*h + 512 = 0, 0 = 4*m + 3*h + 980. Let z = m + r. Is z prime?
True
Let x(k) = 358*k - 1. Let l be x(1). Suppose l = -s + 4*s. Is (34/s - 1788/(-14)) + -1 a composite number?
False
Let d = 92 - -131. Suppose 4*f + 11 - 13 = 2*o, -1 = o + 3*f. Is (d/(-6))/(o/6) composite?
False
Let m be 2/7 - -5*6/(-105). Let q(b) = b**3 - b**2 + b + 900. Let z be q(m). Let r = -227 + z. Is r a prime number?
True
Suppose -12*w + 1882 = 5*y - 9*w, 5*w + 1476 = 4*y. Is (4679 - 0)/(34/y) composite?
True
Suppose -20*o + 12 = -8*o. Is o/((-14250)/14253 - 6/(-6)) a composite number?
False
Let t(g) = 23*g**2 + 44*g - 338. Is t(-24) a prime number?
False
Let v be 3/7 + (-230)/(-35). Is v/((4/(-2347 + -1))/(-1)) a composite number?
True
Let c(s) = 1200*s - 1669. Is c(21) a prime number?
True
Let d(t) = -29088*t + 815. Is d(-2) composite?
False
Let c(o) be the second derivative of 5*o**4/6 - 3*o**3/2 + 15*o**2 - 35*o. Let y be c(13). Let d = y + -562. Is d a composite number?
True
Let s = -41622 + 86603. Is s composite?
True
Let a(n) be the third derivative of 0*n + 1/24*n**4 + 1/6*n**5 + 0 + 28*n**2 + 19/6*n**3. Is a(5) composite?
True
Suppose 0 = 4*v - 3*a - 6892, -2*v + 4*a + 1736 = -v. Suppose 0 = -5*s + 18435 - v. Is s composite?
False
Is -2 + (-484062)/(-54) + -3*6/162 composite?
True
Suppose 3*w + 3*m + m - 80455 = 0, -5*m + 26833 = w. Suppose 0 = 7*f - 35, -2*b + 2*f + w = b. Is b prime?
True
Let w(o) = 8295*o**3 + 4*o**2 - 9*o + 47. Is w(3) a prime number?
False
Suppose 4*r + 4 = 0, -2*r - 4 = -2*j + 4. Suppose -22 = 2*o + j*p + 164, -4*o - 4*p = 372. Let u = 220 + o. Is u a prime number?
True
Let p be (31 + 3)*231/(-22). Let r = 1544 - p. Is r composite?
False
Is -4 + 26126 + 408/24 a prime number?
False
Suppose -k = -2, 4*k + 9008 = -4*q + 2*k. Let x = -1244 - q. Is x a composite number?
False
Suppose 0 = 4*n + n + 5. Let g(o) = 382*o**2 + 2. Let t be g(n). Suppose -15 = 3*l - t. Is l prime?
False
Let g = 1209 + -206. Suppose -46*w = -47*w + g. Is w composite?
True
Suppose -17*z + 16*z - 4*o + 203277 = 0, -4*o = -2*z + 406602. Is z composite?
False
Suppose -14*g + 15*g = 1, 3*w - g - 371138 = 0. Is w a composite number?
True
Let y = -19704 + 44158. Is y composite?
True
Let n(l) = 623840*l**3 - 183*l + 182. Is n(1) composite?
False
Let u(z) = -13*z**3 + z**2 - 2*z + 11. Let q be u(-5). Suppose -16*c = -5*c - 44. Suppose -7*n = -c*n - q. Is n composite?
False
Let j be (24/5)/(4/(-20)). Let q = 27 + j. Suppose -388 = q*i - 8869. Is i a prime number?
False
Suppose 3605966 = 46*a - 20*a. Is a a prime number?
False
Suppose -664*n + 90259609 + 282197247 = 0. Is n a composite number?
False
Let u = 124022 - 33452. Is (u/(-9))/(-5)*9 + 5 a composite number?
False
Let o be (-4 + 7 - -1397) + -2. Is o - (1/(-3))/(5/15) a prime number?
True
Let r(w) = 321*w + 21431. Is r(0) composite?
True
Let a be 63/27*-3 - -10. Suppose -2*o -